21?
20
Suppose -q + 3*n - 5 = 0, -3*n - 37 = -q + 3*q. What is the remainder when 18 is divided by (-22)/(-77) - 66/q?
3
Suppose -5*k = -5*p - 230, 13*p - 17*p + 4 = 0. Calculate the remainder when k is divided by 12.
11
Suppose 0 = 2*f - 3*f. Suppose r + 7 - 27 = f. Let d = r - -41. Calculate the remainder when d is divided by 16.
13
Suppose 45*h + 315 = 48*h. Suppose -5*o = -0*o - h. What is the remainder when 102 is divided by o?
18
Suppose 2 = -3*x + 14. Let z be (10/(-25))/((-2)/10). Suppose z*c + 98 = 9*c. What is the remainder when c is divided by x?
2
Suppose 29 = 3*x - 13. Calculate the remainder when 33 is divided by x.
5
Suppose 6*b - b + y = 142, 0 = 2*b + 4*y - 64. Calculate the remainder when 1 - 3 - -54 - 0 is divided by b.
24
Suppose 4*t - 5*n = 217, -2*t + 4*n - 5*n + 119 = 0. What is the remainder when 114 is divided by t?
56
Let w = -36 - -30. Suppose -6*n + n + 15 = 0. Calculate the remainder when (-7 - w)*5 - -10 is divided by n.
2
Let u be (5/10)/((-1)/(-34)). Let i = 49 - u. Calculate the remainder when i is divided by 5.
2
What is the remainder when 69*(-4)/24*-22 is divided by 8?
5
Suppose -5*l = f + 2*f + 88, -2*f = 2*l + 60. Let d = -19 - f. Let h = 15 - -17. Calculate the remainder when h is divided by d.
8
Let o = -14 + 11. Let z be ((-2)/o)/(14/(-231)). Let s = z - -31. Calculate the remainder when s is divided by 7.
6
Let q = 5 - 0. Suppose q*l = -10 + 30. Suppose l*a - 46 = -2. What is the remainder when 31 is divided by a?
9
Suppose 0*c + l - 85 = -4*c, -c - 2*l = -16. Let b(v) = -v + 4. Calculate the remainder when c is divided by b(0).
2
Suppose -40*m + 5780 = -35*m. What is the remainder when m is divided by 61?
58
Let i be (-2 - 0)*(-141)/(-3). Let u(d) = d + 16. What is the remainder when (0 - -1)*i/(-2) is divided by u(9)?
22
Suppose 3*m - 317 = 187. Let w = -143 - -143. Suppose w*h + m = 6*h. Calculate the remainder when 81 is divided by h.
25
Let y be (-175 - -3)*1/(-4). Let f = y - 14. Let b = f + -5. What is the remainder when 71 is divided by b?
23
Let w(h) = -16*h - 101. Calculate the remainder when w(-13) is divided by 5.
2
Suppose 1012 = 12*a + 352. Calculate the remainder when 877 is divided by a.
52
Suppose 0 = 11*j - 166 - 43. Calculate the remainder when j is divided by (0 + -2 + 5)/((-1)/(-2)).
1
Suppose -42 - 258 = -5*f. Calculate the remainder when f is divided by (-18)/99 + (-233)/(-11).
18
Let q be 0 - (-1 + 2) - 0. Let z(w) = 14*w**3 - w**2 - 3*w - 1. Let b be z(q). Let c(o) = -3*o + 8. What is the remainder when c(b) is divided by 12?
11
Suppose -4*a + 4*g + 1748 = 0, -12*a + 8*a + 1793 = 5*g. What is the remainder when a is divided by 97?
54
Suppose 4*v + 4*f - 10 = 14, 2*v = 2*f + 24. Suppose 3*b + 4 - 10 = 0. Calculate the remainder when b is divided by (-18)/63 - v/(-7).
0
What is the remainder when 23 is divided by (-154)/77 - 9/(-2)*4?
7
Suppose -3 = 3*u - 12. Let d = 7 + u. Suppose 2*b + 16 = k - 3, 2*k - 58 = -b. What is the remainder when k is divided by d?
7
Let g be 4*(-3)/6*1. What is the remainder when (g/(-4))/(4/24) is divided by 2?
1
Suppose d - 3 = 2*d, b + 4*d = 6. What is the remainder when 106 is divided by b?
16
Suppose -a + 5 = -10. Suppose 0 = a*m - 14*m - 17. Suppose 0 = 2*c - 4 - 8. Calculate the remainder when m is divided by c.
5
Suppose -25 = -3*s + 3*t + 2*t, -4*s - 15 = 3*t. Suppose s*z + 30 = z. What is the remainder when z is divided by 11?
8
Let p(i) = -i**2 + 2*i + 24. Let d be p(6). Suppose 0 = -3*r + 5*w + 207, d = -4*r + 2*w - 0*w + 290. Calculate the remainder when r is divided by 25.
24
What is the remainder when 272 + 9 + (-8)/(-4) is divided by 41?
37
Let v(r) = 11*r**2 - r - 3. What is the remainder when 52 is divided by v(2)?
13
Let h = -33 - -85. Suppose t - h = -3*t. What is the remainder when 23 is divided by t?
10
Calculate the remainder when 70 is divided by ((-36)/(-12))/((-3)/(-37)).
33
Suppose 2*s = -106 + 448. What is the remainder when s is divided by 29?
26
Let k(u) = -u**2 + 17*u - 20. Suppose 4*m = 4*h - 152, 5*h + 3*m - m = 197. What is the remainder when h is divided by k(15)?
9
Suppose 0 = 5*f - f + 3*d - 1782, 0 = -4*d + 8. Calculate the remainder when 119 is divided by (f/185)/(2/(-100)*-3).
39
Let r(n) = 3*n**2 - 20. Calculate the remainder when r(6) is divided by 32.
24
What is the remainder when 632/18 + (-65)/585 is divided by 27?
8
Let t be 11/1*(3*-1 - 0). Let q = t - -53. Calculate the remainder when q is divided by -2*(0 + 22/(-4)).
9
Let u = 334 + -134. What is the remainder when u is divided by 7?
4
Suppose 32 + 20 = -4*c. Let q be 2/c + (-1048)/(-52). What is the remainder when (50/q)/((-1)/(-2)) is divided by 4?
1
Suppose 10 = 4*x - 9*y + 11*y, -5*x + 11 = 3*y. Suppose 0 = 5*s - 4*a + 15, 0*a = -s - 3*a + 16. Let f = s + 2. Calculate the remainder when x is divided by f.
1
Suppose 13*p = 582 + 315. Calculate the remainder when p is divided by 20.
9
Let p = 915 - 859. Calculate the remainder when 148 is divided by p.
36
Let r(z) be the second derivative of z - 5/3*z**3 + 0 - z**2 - 1/12*z**4. What is the remainder when r(-8) is divided by 8?
6
Let m = 417 + -390. Calculate the remainder when 267 is divided by m.
24
Let i = -271 - -330. Calculate the remainder when i is divided by 18.
5
Suppose -w - 75 = -6*w. Let k = -9 + w. Let q = -36 - -57. What is the remainder when q is divided by k?
3
Let p = -28 + 47. Let s = -63 + 117. What is the remainder when s is divided by p?
16
Suppose 0 = 14*w - 10*w - 12. Suppose -96 = -4*i + u, -w*i + 2*u + 75 = 3. What is the remainder when i is divided by 13?
11
Suppose 5*q + h + 764 = 7500, -q + 1356 = -2*h. Calculate the remainder when q is divided by 18.
16
Let r(o) = -o**2 + 21*o - 69. Calculate the remainder when (-712)/(-7) - (-4)/14 is divided by r(15).
18
Let z = 17 - -7. Suppose 5*j + t + 7 = z, -j + 2*t = -10. Suppose p - j*p = -30. What is the remainder when 38 is divided by p?
8
Let y be (-2)/6*0/(-6). Suppose -4*n + 2*n = y. Suppose a - 2 - 11 = n. Calculate the remainder when 37 is divided by a.
11
Let z = 1 - 1. Let s(a) be the third derivative of a**5/60 + a**4/24 + 3*a**3 - 28*a**2. What is the remainder when 69 is divided by s(z)?
15
Calculate the remainder when 351 is divided by 30/((-15)/(-3)) + 42 + 3.
45
Let t(n) = -n**3 - n**2 + n - 4. Let d be t(-3). Suppose -2*j + 8 = -0, 3*h - 4*j = 32. What is the remainder when 2520/55 - (-2)/d is divided by h?
14
Suppose 0 = -2*u + 76 + 114. Suppose 2*z = -3*i + 78, -2*z - i = -5*z + u. Let y = -14 + z. What is the remainder when 93 is divided by y?
17
Suppose -69*n + 6458 + 787 = 0. Calculate the remainder when n is divided by 63.
42
Let g = -6 + 14. Let z(l) = 11*l - 2. Let s(h) = 22*h - 5. Let q(t) = 3*s(t) - 5*z(t). Calculate the remainder when q(g) is divided by 14.
13
Let w(z) = z**3 - 5*z**2 - 11*z - 29. Calculate the remainder when w(10) is divided by 11.
9
Suppose 4*w + 9 - 25 = 0. Suppose w*n + 5*u = 701, -4*u = -3*n - 2*n + 866. Calculate the remainder when n is divided by 22.
20
Suppose x + 4*w = 2*x - 4, -2*x - 2*w + 28 = 0. Calculate the remainder when 56 is divided by x.
8
Suppose 5*k + 27 = 3*s, 2 = 3*k - 4*s + 16. Calculate the remainder when 68 is divided by 3/(-2) + 1 + (-87)/k.
12
Let t = -196 + 285. What is the remainder when 441 is divided by t?
85
Suppose 4*o = o + 279. What is the remainder when o is divided by ((-72)/(-18))/(6/9)?
3
Let t(a) = -39*a - 3 + 26*a + 1. Calculate the remainder when t(-5) is divided by 13.
11
Let s(u) = -2*u + 5. Let j be s(0). Suppose -4*a + 102 = -2*r, -2*a - j + 65 = 2*r. What is the remainder when 106 is divided by a?
25
Suppose 3*w - 375 - 1494 = 0. Calculate the remainder when w is divided by 48.
47
Let v(d) = 14*d + 2. Let n(x) = 159 + x - 178 - 8*x. Calculate the remainder when v(2) is divided by n(-5).
14
Let a(y) be the third derivative of 0 - 1/2*y**3 + 1/8*y**4 + 1/120*y**6 - 1/60*y**5 + 11*y**2 + 0*y. What is the remainder when 39 is divided by a(2)?
4
Suppose 4*j - 5 - 7 = 0. Suppose 3*t = 21 - 15. Suppose -j*u = -2*z - 45, -t*u + z + 38 = -3*z. What is the remainder when 25 is divided by u?
12
Let s = 451 + -411. Calculate the remainder when (-1180)/(-6) + (-9)/(-27) is divided by s.
37
Let a(z) = 5*z + 115. What is the remainder when 21 is divide